082.
2, 3, 1483
List the prime factors of 115723.
31, 3733
What are the prime factors of 1704?
2, 3, 71
What are the prime factors of 57113?
7, 41, 199
What are the prime factors of 101496?
2, 3, 4229
What are the prime factors of 62911?
53, 1187
List the prime factors of 51493.
13, 17, 233
List the prime factors of 18362.
2, 9181
List the prime factors of 61031.
61031
What are the prime factors of 4540?
2, 5, 227
List the prime factors of 8771.
7, 179
What are the prime factors of 62081?
62081
What are the prime factors of 21021?
3, 7, 11, 13
What are the prime factors of 34594?
2, 7, 353
What are the prime factors of 104835?
3, 5, 29, 241
List the prime factors of 8536.
2, 11, 97
What are the prime factors of 131853?
3, 43951
List the prime factors of 30985.
5, 6197
What are the prime factors of 621?
3, 23
What are the prime factors of 178484?
2, 44621
List the prime factors of 1855.
5, 7, 53
What are the prime factors of 34827?
3, 13, 19, 47
List the prime factors of 44059.
44059
List the prime factors of 103345.
5, 11, 1879
List the prime factors of 81544.
2, 10193
What are the prime factors of 37597?
7, 41, 131
List the prime factors of 84871.
84871
What are the prime factors of 4622?
2, 2311
What are the prime factors of 694?
2, 347
List the prime factors of 65298.
2, 3, 10883
List the prime factors of 925.
5, 37
List the prime factors of 15009.
3, 5003
List the prime factors of 7216.
2, 11, 41
List the prime factors of 1653.
3, 19, 29
What are the prime factors of 27044?
2, 6761
What are the prime factors of 28888?
2, 23, 157
List the prime factors of 29233.
23, 31, 41
What are the prime factors of 10636?
2, 2659
What are the prime factors of 1083?
3, 19
What are the prime factors of 30752?
2, 31
List the prime factors of 17396.
2, 4349
List the prime factors of 5544.
2, 3, 7, 11
What are the prime factors of 28682?
2, 14341
What are the prime factors of 545?
5, 109
What are the prime factors of 65?
5, 13
List the prime factors of 15013.
15013
List the prime factors of 42614.
2, 11, 13, 149
What are the prime factors of 84633?
3, 28211
What are the prime factors of 725?
5, 29
List the prime factors of 60.
2, 3, 5
List the prime factors of 388.
2, 97
List the prime factors of 6265.
5, 7, 179
List the prime factors of 3424.
2, 107
What are the prime factors of 1724?
2, 431
What are the prime factors of 49852?
2, 11, 103
What are the prime factors of 9883?
9883
List the prime factors of 1766.
2, 883
List the prime factors of 46181.
46181
What are the prime factors of 48930?
2, 3, 5, 7, 233
List the prime factors of 9276.
2, 3, 773
What are the prime factors of 35226?
2, 3, 19, 103
What are the prime factors of 338?
2, 13
List the prime factors of 72418.
2, 36209
List the prime factors of 2933.
7, 419
What are the prime factors of 52953?
3, 19, 929
List the prime factors of 8597.
8597
What are the prime factors of 994?
2, 7, 71
List the prime factors of 1037.
17, 61
List the prime factors of 67335.
3, 5, 67
What are the prime factors of 1752?
2, 3, 73
What are the prime factors of 6183?
3, 229
What are the prime factors of 55693?
11, 61, 83
List the prime factors of 26928.
2, 3, 11, 17
What are the prime factors of 70887?
3, 23629
What are the prime factors of 14881?
23, 647
List the prime factors of 43914.
2, 3, 13, 563
What are the prime factors of 454?
2, 227
List the prime factors of 1559.
1559
What are the prime factors of 69112?
2, 53, 163
List the prime factors of 43191.
3, 4799
What are the prime factors of 2500?
2, 5
List the prime factors of 3274.
2, 1637
What are the prime factors of 412?
2, 103
List the prime factors of 9803.
9803
What are the prime factors of 37616?
2, 2351
List the prime factors of 4782.
2, 3, 797
What are the prime factors of 45265?
5, 11, 823
What are the prime factors of 3202?
2, 1601
List the prime factors of 1244.
2, 311
What are the prime factors of 502?
2, 251
What are the prime factors of 15801?
3, 23, 229
What are the prime factors of 11718?
2, 3, 7, 31
List the prime factors of 1768.
2, 13, 17
List the prime factors of 4665.
3, 5, 311
What are the prime factors of 30708?
2, 3, 853
What are the prime factors of 21154?
2, 7, 1511
What are the prime factors of 3365?
5, 673
What are the prime factors of 44652?
2, 3, 61
List the prime factors of 1044.
2, 3, 29
What are the prime factors of 3677?
3677
What are the prime factors of 6725?
5, 269
List the prime factors of 11598.
2, 3, 1933
List the prime factors of 4656.
2, 3, 97
List the prime factors of 3871.
7, 79
List the prime factors of 1123.
1123
What are the prime factors of 1037?
17, 61
List the prime factors of 519.
3, 173
What are the prime factors of 57468?
2, 3, 4789
List the prime factors of 2071.
19, 109
List the prime factors of 744.
2, 3, 31
What are the prime factors of 4459?
7, 13
What are the prime factors of 273?
3, 7, 13
What are the prime factors of 5664?
2, 3, 59
What are the prime factors of 106?
2, 53
What are the prime factors of 881?
881
List the prime factors of 3306.
2, 3, 19, 29
List the prime factors of 3248.
2, 7, 29
List the prime factors of 41250.
2, 3, 5, 11
What are the prime factors of 1891?
31, 61
List the prime factors of 21622.
2, 19, 569
What are the prime factors of 813?
3, 271
List the prime factors of 33863.
33863
What are the prime factors of 4671?
3, 173
List the prime factors of 70274.
2, 41, 857
What are the prime factors of 44341?
11, 29, 139
List the prime factors of 21946.
2, 10973
What are the prime factors of 18301?
18301
List the prime factors of 903.
3, 7, 43
List the prime factors of 48652.
2, 12163
What are the prime factors of 10903?
10903
List the prime factors of 466.
2, 233
List the prime factors of 16668.
2, 3, 463
List the prime factors of 19121.
19121
What are the prime factors of 1038?
2, 3, 173
List the prime factors of 20889.
3, 11, 211
List the prime factors of 1434.
2, 3, 239
What are the prime factors of 903?
3, 7, 43
List the prime factors of 6891.
3, 2297
List the prime factors of 121545.
3, 5, 37, 73
List the prime factors of 11156.
2, 2789
What are the prime factors of 91856?
2, 5741
List the prime factors of 109574.
2, 54787
What are the prime factors of 522?
2, 3, 29
List the prime factors of 10386.
2, 3, 577
List the prime factors of 175259.
7, 25037
List the prime factors of 3184.
2, 199
List the prime factors of 5924.
2, 1481
List the prime factors of 873.
3, 97
List the prime factors of 1816.
2, 227
What are the prime factors of 28329?
3, 7, 19, 71
What are the prime factors of 1798?
2, 29, 31
What are the prime factors of 98530?
2, 5, 59, 167
What are the prime factors of 572?
2, 11, 13
List the prime factors of 1357.
23, 59
What are the prime factors of 4161?
3, 19, 73
List the prime factors of 620.
2, 5, 31
What are the prime factors of 75158?
2, 37579
List the prime factors of 50852.
2, 12713
What are the prime factors of 937?
937
List the prime factors of 975.
3, 5, 13
What are the prime factors of 5127?
3, 1709
What are the prime factors of 77?
7, 11
What are the prime factors of 15189?
3, 61, 83
List the prime factors of 980.
2, 5, 7
What are the prime factors of 4052?
2, 1013
What are the prime factors of 164?
2, 41
What are the prime factors of 16772?
2, 7, 599
List the prime factors of 12293.
19, 647
What are the prime factors of 109532?
2, 139, 197
List the prime factors of 1224.
2, 3, 17
What are the prime factors of 1676?
2, 419
What are the prime factors of 12029?
23, 523
List the prime factors of 1515.
3, 5, 101
List the prime factors of 1163.
1163
What are the prime factors of 91335?
3, 5, 6089
What are the prime factors of 14579?
61, 239
List the prime factors of 826.
2, 7, 59
What are the prime factors of 5346?
2, 3, 11
List the prime factors of 934.
2, 467
What are the prime factors of 64581?
3, 11, 19, 103
List the prime factors of 11086.
2, 23, 241
List the prime factors of 259.
7, 37
List the prime factors of 821.
821
List the prime factors of 71902.
2, 35951
List the prime factors of 589.
19, 31
What are the prime factors of 954?
2, 3, 53
What are the prime factors of 1374?
2, 3, 229
What are the prime factors of 6110?
2, 5, 13, 47
List the prime factors of 627.
3, 11, 19
List the prime factors of 355.
5, 71
What are the prime factors of 80422?
2, 79, 